{"id":33,"date":"2018-11-20T21:39:21","date_gmt":"2018-11-20T21:39:21","guid":{"rendered":"http:\/\/jsg-vulkaneifel-manderscheid.de\/?page_id=33"},"modified":"2021-07-11T16:08:43","modified_gmt":"2021-07-11T14:08:43","slug":"mitgliedsbeitraege","status":"publish","type":"page","link":"https:\/\/sv-manderscheid.de\/?page_id=33","title":{"rendered":"Mitgliedsbeitr\u00e4ge"},"content":{"rendered":"<p><strong>Anpassung der Mitgliedsbeitr\u00e4ge ab 2020<\/strong><\/p>\n<p>Liebe Mitglieder, wie bei der Jahreshauptversammlung beschlossen, werden die Mitgliedsbeitr\u00e4ge den Vorgaben des Sportbundes angepasst, um weiterhin als Verein zuschussberechtigt zu bleiben. Folgende \u00c4nderungen wurde festgelegt:<\/p>\n<p><strong><em>Jahresbeitr\u00e4ge ab 2020<\/em><\/strong><\/p>\n\n\n<figure class=\"wp-block-image size-large\"><img data-recalc-dims=\"1\" loading=\"lazy\" decoding=\"async\" width=\"525\" height=\"227\" data-attachment-id=\"478\" data-permalink=\"https:\/\/sv-manderscheid.de\/?attachment_id=478\" data-orig-file=\"https:\/\/i0.wp.com\/sv-manderscheid.de\/wp-content\/uploads\/2021\/07\/Beitragsordnung-ab-2021.png?fit=979%2C423&amp;ssl=1\" data-orig-size=\"979,423\" data-comments-opened=\"0\" data-image-meta=\"{&quot;aperture&quot;:&quot;0&quot;,&quot;credit&quot;:&quot;&quot;,&quot;camera&quot;:&quot;&quot;,&quot;caption&quot;:&quot;&quot;,&quot;created_timestamp&quot;:&quot;0&quot;,&quot;copyright&quot;:&quot;&quot;,&quot;focal_length&quot;:&quot;0&quot;,&quot;iso&quot;:&quot;0&quot;,&quot;shutter_speed&quot;:&quot;0&quot;,&quot;title&quot;:&quot;&quot;,&quot;orientation&quot;:&quot;0&quot;}\" data-image-title=\"Beitragsordnung ab 2021\" data-image-description=\"\" data-image-caption=\"\" data-large-file=\"https:\/\/i0.wp.com\/sv-manderscheid.de\/wp-content\/uploads\/2021\/07\/Beitragsordnung-ab-2021.png?fit=525%2C227&amp;ssl=1\" src=\"https:\/\/i0.wp.com\/sv-manderscheid.de\/wp-content\/uploads\/2021\/07\/Beitragsordnung-ab-2021.png?resize=525%2C227&#038;ssl=1\" alt=\"\" class=\"wp-image-478\" srcset=\"https:\/\/i0.wp.com\/sv-manderscheid.de\/wp-content\/uploads\/2021\/07\/Beitragsordnung-ab-2021.png?w=979&amp;ssl=1 979w, https:\/\/i0.wp.com\/sv-manderscheid.de\/wp-content\/uploads\/2021\/07\/Beitragsordnung-ab-2021.png?resize=300%2C130&amp;ssl=1 300w, https:\/\/i0.wp.com\/sv-manderscheid.de\/wp-content\/uploads\/2021\/07\/Beitragsordnung-ab-2021.png?resize=768%2C332&amp;ssl=1 768w\" sizes=\"auto, (max-width: 767px) 89vw, (max-width: 1000px) 54vw, (max-width: 1071px) 543px, 580px\" \/><\/figure>\n","protected":false},"excerpt":{"rendered":"<p>Anpassung der Mitgliedsbeitr\u00e4ge ab 2020 Liebe Mitglieder, wie bei der Jahreshauptversammlung beschlossen, werden die Mitgliedsbeitr\u00e4ge den Vorgaben des Sportbundes angepasst, um weiterhin als Verein zuschussberechtigt zu bleiben. Folgende \u00c4nderungen wurde festgelegt: Jahresbeitr\u00e4ge ab 2020<\/p>\n","protected":false},"author":1,"featured_media":0,"parent":0,"menu_order":0,"comment_status":"closed","ping_status":"closed","template":"","meta":{"_monsterinsights_skip_tracking":false,"_monsterinsights_sitenote_active":false,"_monsterinsights_sitenote_note":"","_monsterinsights_sitenote_category":0,"jetpack_post_was_ever_published":false,"footnotes":""},"class_list":["post-33","page","type-page","status-publish","hentry"],"aioseo_notices":[],"jetpack_sharing_enabled":true,"jetpack_shortlink":"https:\/\/wp.me\/PasZf9-x","jetpack-related-posts":[],"_links":{"self":[{"href":"https:\/\/sv-manderscheid.de\/index.php?rest_route=\/wp\/v2\/pages\/33","targetHints":{"allow":["GET"]}}],"collection":[{"href":"https:\/\/sv-manderscheid.de\/index.php?rest_route=\/wp\/v2\/pages"}],"about":[{"href":"https:\/\/sv-manderscheid.de\/index.php?rest_route=\/wp\/v2\/types\/page"}],"author":[{"embeddable":true,"href":"https:\/\/sv-manderscheid.de\/index.php?rest_route=\/wp\/v2\/users\/1"}],"replies":[{"embeddable":true,"href":"https:\/\/sv-manderscheid.de\/index.php?rest_route=%2Fwp%2Fv2%2Fcomments&post=33"}],"version-history":[{"count":0,"href":"https:\/\/sv-manderscheid.de\/index.php?rest_route=\/wp\/v2\/pages\/33\/revisions"}],"wp:attachment":[{"href":"https:\/\/sv-manderscheid.de\/index.php?rest_route=%2Fwp%2Fv2%2Fmedia&parent=33"}],"curies":[{"name":"wp","href":"https:\/\/api.w.org\/{rel}","templated":true}]}}