{"id":54,"date":"2018-11-21T18:00:37","date_gmt":"2018-11-21T18:00:37","guid":{"rendered":"http:\/\/jsg-vulkaneifel-manderscheid.de\/?page_id=54"},"modified":"2026-01-16T18:17:03","modified_gmt":"2026-01-16T17:17:03","slug":"bambini-fussball-jugend","status":"publish","type":"page","link":"https:\/\/sv-manderscheid.de\/?page_id=54","title":{"rendered":"Bambini-Fussball-Jugend"},"content":{"rendered":"<p>Seit Sommer 1999 verf\u00fcgt die Fu\u00dfballjugend-Abteilung auch \u00fcber eine eigene <strong>Bambini<\/strong>-Mannschaft. Gegr\u00fcndet und aufgebaut von <strong>Reimund Schmitz<\/strong>. Die Bambini-Gruppe ist\u00a0kontinuierlich gewachsen.<\/p>\n<p>In der Bambini-Mannschaft kann mitspielen, wer m\u00f6glichst schon 4 Jahre alt ist undS pa\u00df am Spielen hat. Mit 7 Jahren wechseln die Kids dann in den festen Fu\u00dfball-Spielbetrieb der F-Jugend der hiesigen Jugendfu\u00dfball-Spielgemeinschaft.<\/p>\n<p>Trainingszeiten und Ansprechpartner finden Sie unter <a href=\"https:\/\/sv-manderscheid.de\/?page_id=46\">Trainingsangebot<\/a>.<\/p>\n","protected":false},"excerpt":{"rendered":"<p>Seit Sommer 1999 verf\u00fcgt die Fu\u00dfballjugend-Abteilung auch \u00fcber eine eigene Bambini-Mannschaft. Gegr\u00fcndet und aufgebaut von Reimund Schmitz. Die Bambini-Gruppe ist\u00a0kontinuierlich gewachsen. In der Bambini-Mannschaft kann mitspielen, wer m\u00f6glichst schon 4 Jahre alt ist undS pa\u00df am Spielen hat. Mit 7 Jahren wechseln die Kids dann in den festen Fu\u00dfball-Spielbetrieb der F-Jugend der hiesigen Jugendfu\u00dfball-Spielgemeinschaft. Trainingszeiten &hellip; <\/p>\n<p class=\"link-more\"><a href=\"https:\/\/sv-manderscheid.de\/?page_id=54\" class=\"more-link\"><span class=\"screen-reader-text\">\u201eBambini-Fussball-Jugend\u201c <\/span>weiterlesen<\/a><\/p>\n","protected":false},"author":1,"featured_media":0,"parent":51,"menu_order":0,"comment_status":"closed","ping_status":"closed","template":"","meta":{"_monsterinsights_skip_tracking":false,"_monsterinsights_sitenote_active":false,"_monsterinsights_sitenote_note":"","_monsterinsights_sitenote_category":0,"jetpack_post_was_ever_published":false,"footnotes":""},"class_list":["post-54","page","type-page","status-publish","hentry"],"aioseo_notices":[],"jetpack_sharing_enabled":true,"jetpack_shortlink":"https:\/\/wp.me\/PasZf9-S","jetpack-related-posts":[],"_links":{"self":[{"href":"https:\/\/sv-manderscheid.de\/index.php?rest_route=\/wp\/v2\/pages\/54","targetHints":{"allow":["GET"]}}],"collection":[{"href":"https:\/\/sv-manderscheid.de\/index.php?rest_route=\/wp\/v2\/pages"}],"about":[{"href":"https:\/\/sv-manderscheid.de\/index.php?rest_route=\/wp\/v2\/types\/page"}],"author":[{"embeddable":true,"href":"https:\/\/sv-manderscheid.de\/index.php?rest_route=\/wp\/v2\/users\/1"}],"replies":[{"embeddable":true,"href":"https:\/\/sv-manderscheid.de\/index.php?rest_route=%2Fwp%2Fv2%2Fcomments&post=54"}],"version-history":[{"count":3,"href":"https:\/\/sv-manderscheid.de\/index.php?rest_route=\/wp\/v2\/pages\/54\/revisions"}],"predecessor-version":[{"id":716,"href":"https:\/\/sv-manderscheid.de\/index.php?rest_route=\/wp\/v2\/pages\/54\/revisions\/716"}],"up":[{"embeddable":true,"href":"https:\/\/sv-manderscheid.de\/index.php?rest_route=\/wp\/v2\/pages\/51"}],"wp:attachment":[{"href":"https:\/\/sv-manderscheid.de\/index.php?rest_route=%2Fwp%2Fv2%2Fmedia&parent=54"}],"curies":[{"name":"wp","href":"https:\/\/api.w.org\/{rel}","templated":true}]}}