{"id":582,"date":"2022-04-29T10:03:08","date_gmt":"2022-04-29T08:03:08","guid":{"rendered":"https:\/\/sv-manderscheid.de\/?page_id=582"},"modified":"2022-11-08T17:24:36","modified_gmt":"2022-11-08T16:24:36","slug":"athletiktraining-fuer-kinder-und-jugendliche-beim-sv-vulkan-manderscheid","status":"publish","type":"page","link":"https:\/\/sv-manderscheid.de\/?page_id=582","title":{"rendered":"Athletiktraining f\u00fcr Kinder und Jugendliche"},"content":{"rendered":"\n<p>Ihr habt Freude an der Bewegung und m\u00f6chtet mehr f\u00fcr Eure allgemeine Fitness und K\u00f6rperhaltung tun und zus\u00e4tzlich die unterschiedlichen Disziplinen der Leichtathletik vom Werfen \u00fcber Springen zum Laufen kennenlernen?<\/p>\n\n\n\n<p>Wir treffen uns bei gutem Wetter am Manderscheider Sportplatz. Ansonsten gehen wir in die Turnhalle. (Zeit: s. <a href=\"https:\/\/sv-manderscheid.de\/?page_id=46\">\u00dcbersicht Trainingsangebot<\/a>)<\/p>\n\n\n\n<p>Ihr braucht Sportkleidung, Turnschuhe und etwas zu trinken.<br>F\u00fcr Kinder ab der 1. Klasse und alle anderen Leichtathletikfreunde.<br>Wir freuen uns auf Euch.<\/p>\n\n\n\n<p>Anmeldung bei Randy Lewis (ehemaliger Leichtathlet und Olympiateilnehmer): 01758293171 oder <a href=\"mailto:rlewis71@hotmail.com\">rlewis71@hotmail.com<\/a><\/p>\n","protected":false},"excerpt":{"rendered":"<p>Ihr habt Freude an der Bewegung und m\u00f6chtet mehr f\u00fcr Eure allgemeine Fitness und K\u00f6rperhaltung tun und zus\u00e4tzlich die unterschiedlichen Disziplinen der Leichtathletik vom Werfen \u00fcber Springen zum Laufen kennenlernen? Wir treffen uns bei gutem Wetter am Manderscheider Sportplatz. Ansonsten gehen wir in die Turnhalle. (Zeit: s. \u00dcbersicht Trainingsangebot) Ihr braucht Sportkleidung, Turnschuhe und etwas &hellip; <\/p>\n<p class=\"link-more\"><a href=\"https:\/\/sv-manderscheid.de\/?page_id=582\" class=\"more-link\"><span class=\"screen-reader-text\">\u201eAthletiktraining f\u00fcr Kinder und Jugendliche\u201c <\/span>weiterlesen<\/a><\/p>\n","protected":false},"author":1,"featured_media":0,"parent":46,"menu_order":0,"comment_status":"closed","ping_status":"closed","template":"","meta":{"_monsterinsights_skip_tracking":false,"_monsterinsights_sitenote_active":false,"_monsterinsights_sitenote_note":"","_monsterinsights_sitenote_category":0,"jetpack_post_was_ever_published":false,"footnotes":""},"class_list":["post-582","page","type-page","status-publish","hentry"],"aioseo_notices":[],"jetpack_sharing_enabled":true,"jetpack_shortlink":"https:\/\/wp.me\/PasZf9-9o","jetpack-related-posts":[],"_links":{"self":[{"href":"https:\/\/sv-manderscheid.de\/index.php?rest_route=\/wp\/v2\/pages\/582","targetHints":{"allow":["GET"]}}],"collection":[{"href":"https:\/\/sv-manderscheid.de\/index.php?rest_route=\/wp\/v2\/pages"}],"about":[{"href":"https:\/\/sv-manderscheid.de\/index.php?rest_route=\/wp\/v2\/types\/page"}],"author":[{"embeddable":true,"href":"https:\/\/sv-manderscheid.de\/index.php?rest_route=\/wp\/v2\/users\/1"}],"replies":[{"embeddable":true,"href":"https:\/\/sv-manderscheid.de\/index.php?rest_route=%2Fwp%2Fv2%2Fcomments&post=582"}],"version-history":[{"count":0,"href":"https:\/\/sv-manderscheid.de\/index.php?rest_route=\/wp\/v2\/pages\/582\/revisions"}],"up":[{"embeddable":true,"href":"https:\/\/sv-manderscheid.de\/index.php?rest_route=\/wp\/v2\/pages\/46"}],"wp:attachment":[{"href":"https:\/\/sv-manderscheid.de\/index.php?rest_route=%2Fwp%2Fv2%2Fmedia&parent=582"}],"curies":[{"name":"wp","href":"https:\/\/api.w.org\/{rel}","templated":true}]}}