{"id":97,"date":"2018-11-22T14:06:42","date_gmt":"2018-11-22T14:06:42","guid":{"rendered":"http:\/\/jsg-vulkaneifel-manderscheid.de\/?page_id=97"},"modified":"2021-09-22T21:29:26","modified_gmt":"2021-09-22T19:29:26","slug":"geraeteturnen","status":"publish","type":"page","link":"https:\/\/sv-manderscheid.de\/?page_id=97","title":{"rendered":"Ger\u00e4teturnen"},"content":{"rendered":"<p>f\u00fcr Kinder vom 1. bis 4. Schuljahr in zwei Gruppen.<br \/>\nNach einer spielerischen Aufw\u00e4rmphase werden in Kleingruppen verschiedene Stationen absolviert, die unter anderem Bodenturnen, Sprung, Barren, Reck, Ringe, Trapez und Taue enthalten. Hierbei geht es uns weniger um H\u00f6chstleistungen, sondern um K\u00f6rperbeherrschung, Schulung verschiedener Muskelgruppen und Ausdauer, nicht zuletzt jedoch auch um den gemeinsamen Spa\u00df am Sport. Als Abschluss wird meist noch ein Spiel gespielt.<\/p>\n<p>Geleitet wird die Gruppe von Sigrid Bros.<\/p>\n<p><a href=\"https:\/\/sv-manderscheid.de\/?page_id=46\">Termine finden Sie hier<\/a><\/p>\n","protected":false},"excerpt":{"rendered":"<p>f\u00fcr Kinder vom 1. bis 4. Schuljahr in zwei Gruppen. Nach einer spielerischen Aufw\u00e4rmphase werden in Kleingruppen verschiedene Stationen absolviert, die unter anderem Bodenturnen, Sprung, Barren, Reck, Ringe, Trapez und Taue enthalten. Hierbei geht es uns weniger um H\u00f6chstleistungen, sondern um K\u00f6rperbeherrschung, Schulung verschiedener Muskelgruppen und Ausdauer, nicht zuletzt jedoch auch um den gemeinsamen Spa\u00df &hellip; <\/p>\n<p class=\"link-more\"><a href=\"https:\/\/sv-manderscheid.de\/?page_id=97\" class=\"more-link\"><span class=\"screen-reader-text\">\u201eGer\u00e4teturnen\u201c <\/span>weiterlesen<\/a><\/p>\n","protected":false},"author":1,"featured_media":98,"parent":46,"menu_order":0,"comment_status":"closed","ping_status":"closed","template":"","meta":{"_monsterinsights_skip_tracking":false,"_monsterinsights_sitenote_active":false,"_monsterinsights_sitenote_note":"","_monsterinsights_sitenote_category":0,"jetpack_post_was_ever_published":false,"footnotes":""},"class_list":["post-97","page","type-page","status-publish","has-post-thumbnail","hentry"],"aioseo_notices":[],"jetpack_sharing_enabled":true,"jetpack_shortlink":"https:\/\/wp.me\/PasZf9-1z","jetpack-related-posts":[],"_links":{"self":[{"href":"https:\/\/sv-manderscheid.de\/index.php?rest_route=\/wp\/v2\/pages\/97","targetHints":{"allow":["GET"]}}],"collection":[{"href":"https:\/\/sv-manderscheid.de\/index.php?rest_route=\/wp\/v2\/pages"}],"about":[{"href":"https:\/\/sv-manderscheid.de\/index.php?rest_route=\/wp\/v2\/types\/page"}],"author":[{"embeddable":true,"href":"https:\/\/sv-manderscheid.de\/index.php?rest_route=\/wp\/v2\/users\/1"}],"replies":[{"embeddable":true,"href":"https:\/\/sv-manderscheid.de\/index.php?rest_route=%2Fwp%2Fv2%2Fcomments&post=97"}],"version-history":[{"count":0,"href":"https:\/\/sv-manderscheid.de\/index.php?rest_route=\/wp\/v2\/pages\/97\/revisions"}],"up":[{"embeddable":true,"href":"https:\/\/sv-manderscheid.de\/index.php?rest_route=\/wp\/v2\/pages\/46"}],"wp:featuredmedia":[{"embeddable":true,"href":"https:\/\/sv-manderscheid.de\/index.php?rest_route=\/wp\/v2\/media\/98"}],"wp:attachment":[{"href":"https:\/\/sv-manderscheid.de\/index.php?rest_route=%2Fwp%2Fv2%2Fmedia&parent=97"}],"curies":[{"name":"wp","href":"https:\/\/api.w.org\/{rel}","templated":true}]}}